{"version":"1.0","provider_name":"Csonka Andr\u00e1s blogja","provider_url":"https:\/\/csonkaandras.cafeblog.hu","author_name":"Csonka Andr\u00e1s","author_url":"https:\/\/csonkaandras.cafeblog.hu\/author\/csonka-andras\/","title":"KI VAGYOK \u00c9N????","html":"<P>&nbsp;Hah\u00f3\u00f3, \u00fajra itt vagyunk bar\u00e1taim! \/ akik nem \u00e9rzik magukat annak, azokt\u00f3l eln\u00e9z\u00e9st k\u00e9rek, k\u00fcl\u00f6n\u00f6s tekintettel a dalsz\u00f6veget nekem c\u00edmz\u0151 olvas\u00f3nak, azt n\u00e9zz\u00e9tek meg, an\u00e9lk\u00fcl, hogy megs\u00e9rt\u0151dn\u00e9k, nagy marhas\u00e1g r\u00e1m n\u00e1zve a nagy r\u00e9sze, de nem akarom \u0151t meggy\u0151zni.....\/<\/P>\r\n<P>Sz\u00f3val, tudtam, hogy el\u0151bb-ut\u00f3bb k\u00e1oszt okoz majd, hoigy belekont\u00e1rkodom t\u00f6bb mindenbe, \u00e9s nem v\u00e1rom meg, am\u00edg az \u00e9letem egyetlen mederben csordog\u00e1l csak. M\u00e9gis&nbsp; meglep\u0151d\u00f6k, amikor 17 \u00e9vnyi&nbsp; szakmai jelenl\u00e9t ut\u00e9n m\u00e9g mindig bizonytalans\u00e1got \u00e9rz\u00e9kelek a foglalkoz\u00e1somat ilet\u0151en. Az ut\u00f3bbi napokban k\u00e9t , egy\u00e9bk\u00e9nt \u00e1ltalam nagyratisztelt bulv\u00e1r magazin \u00fajs\u00e1g\u00edr\u00f3i d\u00f6bbentettek meg. Egyik\u0151j\u00fck \u00e9nekes t\u00e1ncosnak, m\u00e1sikuk t\u00e1ncos-m\u0171sorvezet\u0151nek titul\u00e1lt. Azt hittem, legal\u00e1bb&nbsp; a sajt\u00f3 igen tisztelt muinkat\u00e1rsaiban hagyok annyi nyomot, hogy kider\u00fclj\u00f6n, els\u0151sorban sz\u00edn\u00e9sz vagyok, err\u0151l van pap\u00edrom is, aki egy\u00e9bk\u00e9nt \u00f6r\u00f6mmel vezet m\u0171sort is, s\u0151t t\u00e1ncol&nbsp;\u00e9s \u00e9nekel, persze, speciel nem csak popzen\u00e9t, hanem a sz\u00ednh\u00e1zak falai k\u00f6zt felcsend\u00fcl\u0151 musicalaket is. Lehet, t\u00fal \u00e9rz\u00e9kenykedem a dolgot, de ha \u00e9n nem figyelek oda, hogy az emberek t\u00f6bbs\u00e9ge tiszt\u00e1ban legyen ezzel, akkor ki&nbsp; a csuda...?<\/P>\r\n<P>Mostan\u00e1ban \u00fagyis el\u0151t\u00e9rbe ker\u00fcl a sz\u00edn\u00e9szi oldal, mivel egy h\u00e9t m\u0171lva egy&nbsp; nagyon \u00e9rdekes, \u00e9s aktu\u00e1lis, gondolat\u00e9breszt\u0151 darabot mutatunk be a sz\u00e9kesfeh\u00e9rv\u00e1ri sz\u00ednh\u00e1z kamaraterm\u00e9ben, Garaczi L\u00e1szl\u00f3:: Plazma c\u00edm\u0171 m\u0171v\u00e9t, Vall\u00f3 P\u00e9ter rendez\u00e9s\u00e9ben.&nbsp;. \u00c9n ebben a f\u00e1zisban \u00e9pp ott tartok, hogy&nbsp; k\u00e9rd\u0151re vonom k\u00e9pess\u00e9geimet, de er\u0151sen. Ezen m\u00e1r nem lep\u0151d\u00f6k meg, minden pr\u00f3bafolyamatban el\u00e9rkezik a pillanat, amikor abba akarom hagyni a p\u00e1ly\u00e1t....<\/P>\r\n<P>Hogy vagytok? Ez a sz\u00fcrke, nyirkos id\u0151 nem nekem val\u00f3, m\u00e1ris unom, \u00e9s a t\u00e9l m\u00e9g meg sem j\u00f6tt. Mindenk\u00e9ppen napot kell l\u00e1tnom a t\u00e9l folyam\u00e1n valahol, mert fel kell t\u00f6ltenem az akkumul\u00e1toromat. :)) M\u00e1r van egy \u00f6tletem, de m\u00e9g nem tudom ,siker\u00fcl-e val\u00f3ra v\u00e1ltanom. \u00c9s a sz\u00ednh\u00e1zakt\u00f3l meg az RTL-es f\u0151n\u00f6keimt\u00f3l is ki kell k\u00f6ny\u00f6r\u00f6gn\u00f6m egy kis szabads\u00e1got majd, de megfogadtam, most m\u00e1r nem m\u00falhat \u00fagy el egy \u00e9v sem, hogy ezt a kis t\u00e9lb\u0151l a ny\u00e1rba kir\u00e1ndul\u00e1st meg ne tegyem, k\u00fcl\u00f6nben minek dolgozom..???<\/P>\r\n<P>Na j\u00f3, neki\u00fcl\u00f6k a sz\u00f6veg pontos megtanul\u00e1s\u00e1nak, mert m\u00e9g mindig \u00e9rzek hom\u00e1lyos foltokat, \u00e9s holnap a szerz\u0151 is elj\u00f6n a pr\u00f3b\u00e1ra, nehogy belek\u00f6sss\u00f6n valamibe, ink\u00e1bb pontos\u00edtok....<\/P>\r\n<P>Vigy\u00e1zzatok magatokra \u00e9s egym\u00e1sra, ok???? Cs\u00f3k<\/P>","type":"rich"}

Csonka András blogja

Csonka András

KI VAGYOK ÉN????

<P>&nbsp;Hahóó, újra itt vagyunk barátaim! / akik nem érzik magukat annak, azoktól elnézést kérek, különös tekintettel a dalszöveget nekem címző olvasónak, azt nézzétek meg, anélkül, hogy megsértődnék, nagy marhaság rám názve a nagy része, de nem akarom őt meggyőzni...../</P>
<P>Szóval, tudtam, hogy előbb-utóbb káoszt okoz majd, hoigy belekontárkodom több mindenbe, és nem várom meg, amíg az életem egyetlen mederben csordogál csak. Mégis&nbsp; meglepődök, amikor 17 évnyi&nbsp; szakmai jelenlét utén még mindig bizonytalanságot érzékelek a foglalkozásomat iletően. Az utóbbi napokban két , egyébként általam nagyratisztelt bulvár magazin újságírói döbbentettek meg. Egyikőjük énekes táncosnak, másikuk táncos-műsorvezetőnek titulált. Azt hittem, legalább&nbsp; a sajtó igen tisztelt muinkatársaiban hagyok annyi nyomot, hogy kiderüljön, elsősorban színész vagyok, erről van papírom is, aki egyébként örömmel vezet műsort is, sőt táncol&nbsp;és énekel, persze, speciel nem csak popzenét, hanem a színházak falai közt felcsendülő musicalaket is. Lehet, túl érzékenykedem a dolgot, de ha én nem figyelek oda, hogy az emberek többsége tisztában legyen ezzel, akkor ki&nbsp; a csuda...?</P>
<P>Mostanában úgyis előtérbe kerül a színészi oldal, mivel egy hét műlva egy&nbsp; nagyon érdekes, és aktuális, gondolatébresztő darabot mutatunk be a székesfehérvári színház kamaratermében, Garaczi László:: Plazma című művét, Valló Péter rendezésében.&nbsp;. Én ebben a fázisban épp ott tartok, hogy&nbsp; kérdőre vonom képességeimet, de erősen. Ezen már nem lepődök meg, minden próbafolyamatban elérkezik a pillanat, amikor abba akarom hagyni a pályát....</P>
<P>Hogy vagytok? Ez a szürke, nyirkos idő nem nekem való, máris unom, és a tél még meg sem jött. Mindenképpen napot kell látnom a tél folyamán valahol, mert fel kell töltenem az akkumulátoromat. :)) Már van egy ötletem, de még nem tudom ,sikerül-e valóra váltanom. És a színházaktól meg az RTL-es főnökeimtól is ki kell könyörögnöm egy kis szabadságot majd, de megfogadtam, most már nem múlhat úgy el egy év sem, hogy ezt a kis télből a nyárba kirándulást meg ne tegyem, különben minek dolgozom..???</P>
<P>Na jó, nekiülök a szöveg pontos megtanulásának, mert még mindig érzek homályos foltokat, és holnap a szerző is eljön a próbára, nehogy belekösssön valamibe, inkább pontosítok....</P>
<P>Vigyázzatok magatokra és egymásra, ok???? Csók</P>
